rs of 11947.
13, 919
List the prime factors of 2392.
2, 13, 23
List the prime factors of 10472.
2, 7, 11, 17
List the prime factors of 34554.
2, 3, 13, 443
List the prime factors of 3906.
2, 3, 7, 31
List the prime factors of 575.
5, 23
What are the prime factors of 63729?
3, 73, 97
What are the prime factors of 77232?
2, 3, 1609
List the prime factors of 950.
2, 5, 19
What are the prime factors of 1888?
2, 59
List the prime factors of 34020.
2, 3, 5, 7
What are the prime factors of 4405?
5, 881
List the prime factors of 928.
2, 29
List the prime factors of 3788.
2, 947
List the prime factors of 1797.
3, 599
List the prime factors of 482.
2, 241
List the prime factors of 1703.
13, 131
List the prime factors of 13028.
2, 3257
List the prime factors of 617.
617
What are the prime factors of 834?
2, 3, 139
What are the prime factors of 3737?
37, 101
List the prime factors of 25445.
5, 7, 727
List the prime factors of 887.
887
What are the prime factors of 357?
3, 7, 17
What are the prime factors of 3838?
2, 19, 101
List the prime factors of 16665.
3, 5, 11, 101
What are the prime factors of 4881?
3, 1627
List the prime factors of 943.
23, 41
What are the prime factors of 33131?
7, 4733
List the prime factors of 1915.
5, 383
What are the prime factors of 1953?
3, 7, 31
List the prime factors of 1844.
2, 461
What are the prime factors of 16222?
2, 8111
List the prime factors of 8753.
8753
What are the prime factors of 215?
5, 43
What are the prime factors of 19860?
2, 3, 5, 331
What are the prime factors of 18478?
2, 9239
What are the prime factors of 261?
3, 29
List the prime factors of 903.
3, 7, 43
List the prime factors of 49152.
2, 3
What are the prime factors of 11248?
2, 19, 37
What are the prime factors of 8790?
2, 3, 5, 293
List the prime factors of 24.
2, 3
What are the prime factors of 15089?
79, 191
List the prime factors of 5947.
19, 313
List the prime factors of 523.
523
What are the prime factors of 5489?
11, 499
What are the prime factors of 222?
2, 3, 37
What are the prime factors of 1344?
2, 3, 7
List the prime factors of 46.
2, 23
List the prime factors of 6765.
3, 5, 11, 41
List the prime factors of 998.
2, 499
List the prime factors of 1181.
1181
What are the prime factors of 2006?
2, 17, 59
List the prime factors of 55928.
2, 6991
What are the prime factors of 1125?
3, 5
What are the prime factors of 8263?
8263
List the prime factors of 5667.
3, 1889
What are the prime factors of 1832?
2, 229
What are the prime factors of 6876?
2, 3, 191
List the prime factors of 464.
2, 29
List the prime factors of 189.
3, 7
What are the prime factors of 1576?
2, 197
List the prime factors of 10860.
2, 3, 5, 181
What are the prime factors of 787?
787
List the prime factors of 22562.
2, 29, 389
What are the prime factors of 685?
5, 137
List the prime factors of 24074.
2, 12037
List the prime factors of 8475.
3, 5, 113
List the prime factors of 17393.
17393
What are the prime factors of 4741?
11, 431
What are the prime factors of 39626?
2, 19813
List the prime factors of 1551.
3, 11, 47
What are the prime factors of 3817?
11, 347
What are the prime factors of 2361?
3, 787
List the prime factors of 37503.
3, 463
What are the prime factors of 5325?
3, 5, 71
List the prime factors of 580.
2, 5, 29
What are the prime factors of 36477?
3, 7, 193
What are the prime factors of 338?
2, 13
What are the prime factors of 4434?
2, 3, 739
What are the prime factors of 18274?
2, 9137
List the prime factors of 26148.
2, 3, 2179
What are the prime factors of 2405?
5, 13, 37
List the prime factors of 1956.
2, 3, 163
What are the prime factors of 167829?
3, 43, 1301
What are the prime factors of 1750?
2, 5, 7
List the prime factors of 1803.
3, 601
What are the prime factors of 35693?
7, 5099
List the prime factors of 16781.
97, 173
List the prime factors of 39066.
2, 3, 17, 383
What are the prime factors of 8191?
8191
List the prime factors of 94667.
137, 691
List the prime factors of 8495.
5, 1699
List the prime factors of 17683.
17683
What are the prime factors of 24015?
3, 5, 1601
What are the prime factors of 5628?
2, 3, 7, 67
What are the prime factors of 1181?
1181
What are the prime factors of 16082?
2, 11, 17, 43
What are the prime factors of 5786?
2, 11, 263
List the prime factors of 3387.
3, 1129
What are the prime factors of 23?
23
What are the prime factors of 777?
3, 7, 37
What are the prime factors of 46742?
2, 23371
What are the prime factors of 10346?
2, 7, 739
What are the prime factors of 878?
2, 439
List the prime factors of 10195.
5, 2039
List the prime factors of 3592.
2, 449
List the prime factors of 1006.
2, 503
What are the prime factors of 1259?
1259
What are the prime factors of 15995?
5, 7, 457
What are the prime factors of 7473?
3, 47, 53
List the prime factors of 752.
2, 47
What are the prime factors of 2671?
2671
What are the prime factors of 17045?
5, 7, 487
What are the prime factors of 15817?
15817
List the prime factors of 26063.
67, 389
What are the prime factors of 1009?
1009
What are the prime factors of 5875?
5, 47
List the prime factors of 89505.
3, 5, 13, 17
What are the prime factors of 490?
2, 5, 7
What are the prime factors of 1322?
2, 661
What are the prime factors of 1212?
2, 3, 101
What are the prime factors of 67922?
2, 33961
List the prime factors of 30279.
3, 10093
List the prime factors of 11404.
2, 2851
What are the prime factors of 9013?
9013
List the prime factors of 27248.
2, 13, 131
List the prime factors of 29448.
2, 3, 409
List the prime factors of 20.
2, 5
List the prime factors of 17799.
3, 17, 349
What are the prime factors of 266?
2, 7, 19
List the prime factors of 14422.
2, 7211
List the prime factors of 4636.
2, 19, 61
What are the prime factors of 1355?
5, 271
What are the prime factors of 72369?
3, 11, 17, 43
What are the prime factors of 57046?
2, 11, 2593
What are the prime factors of 2080?
2, 5, 13
List the prime factors of 86224.
2, 17, 317
What are the prime factors of 9880?
2, 5, 13, 19
What are the prime factors of 50122?
2, 19, 1319
What are the prime factors of 21593?
11, 13, 151
List the prime factors of 2121.
3, 7, 101
What are the prime factors of 1056?
2, 3, 11
What are the prime factors of 2557?
2557
What are the prime factors of 2397?
3, 17, 47
What are the prime factors of 9189?
3, 1021
List the prime factors of 407.
11, 37
What are the prime factors of 30656?
2, 479
List the prime factors of 1344.
2, 3, 7
List the prime factors of 11384.
2, 1423
What are the prime factors of 1935?
3, 5, 43
What are the prime factors of 1876?
2, 7, 67
What are the prime factors of 6103?
17, 359
What are the prime factors of 2495?
5, 499
List the prime factors of 8339.
31, 269
What are the prime factors of 27269?
11, 37, 67
What are the prime factors of 85992?
2, 3, 3583
List the prime factors of 547.
547
What are the prime factors of 8782?
2, 4391
List the prime factors of 29913.
3, 13, 59
List the prime factors of 426.
2, 3, 71
List the prime factors of 6838.
2, 13, 263
List the prime factors of 16500.
2, 3, 5, 11
List the prime factors of 28130.
2, 5, 29, 97
List the prime factors of 2760.
2, 3, 5, 23
List the prime factors of 9722.
2, 4861
List the prime factors of 6772.
2, 1693
What are the prime factors of 36917?
19, 29, 67
What are the prime factors of 1930?
2, 5, 193
List the prime factors of 15613.
13, 1201
What are the prime factors of 802?
2, 401
List the prime factors of 1595.
5, 11, 29
What are the prime factors of 90139?
7, 79, 163
List the prime factors of 17123.
17123
List the prime factors of 1411.
17, 83
What are the prime factors of 101160?
2, 3, 5, 281
List the prime factors of 27825.
3, 5, 7, 53
List the prime factors of 20897.
20897
What are the prime factors of 576?
2, 3
List the prime factors of 2019.
3, 673
List the prime factors of 8897.
7, 31, 41
List the prime factors of 529.
23
What are the prime factors of 76200?
2, 3, 5, 127
List the prime factors of 1838.
2, 919
List the prime factors of 298.
2, 149
What are the prime factors of 5453?
7, 19, 41
List the prime factors of 1592.
2, 199
List the prime factors of 471.
3, 157
List the prime factors of 103011.
3, 34337
List the prime factors of 11077.
11, 19, 53
List the prime factors of 45511.
71, 641
List the prime fac